{"id":10885,"date":"2014-10-11T14:59:15","date_gmt":"2014-10-11T14:59:15","guid":{"rendered":"http:\/\/avada.theme-fusion.com_demos\/portfolio\/?page_id=10885"},"modified":"2025-11-06T09:09:59","modified_gmt":"2025-11-06T09:09:59","slug":"impressum","status":"publish","type":"page","link":"https:\/\/kanzlei-mirwald.de\/index.php\/impressum\/","title":{"rendered":"Impressum"},"content":{"rendered":"<div class=\"fusion-fullwidth fullwidth-box fusion-builder-row-1 nonhundred-percent-fullwidth non-hundred-percent-height-scrolling\" style=\"--awb-background-position:left top;--awb-border-radius-top-left:0px;--awb-border-radius-top-right:0px;--awb-border-radius-bottom-right:0px;--awb-border-radius-bottom-left:0px;--awb-padding-top:0px;--awb-padding-right:0px;--awb-padding-bottom:0px;--awb-padding-left:0px;--awb-margin-bottom:-82px;--awb-border-sizes-top:0px;--awb-border-sizes-bottom:0px;--awb-flex-wrap:wrap;\" ><div class=\"fusion-builder-row fusion-row\"><div class=\"fusion-layout-column fusion_builder_column fusion-builder-column-0 fusion_builder_column_1_1 1_1 fusion-one-full fusion-column-first fusion-column-last fusion-column-no-min-height\" style=\"--awb-bg-size:cover;--awb-margin-bottom:0px;\"><div class=\"fusion-column-wrapper fusion-flex-column-wrapper-legacy\"><div class=\"fusion-text fusion-text-1\"><div class=\"text\">\n<h2>Informationen nach \u00a7 5 TMG<\/h2>\n<p>Inhaltlich verantwortlich nach \u00a7 55 Abs. 2 RStV f\u00fcr redaktionelle Inhalte wie bspw. eingestellte Fachbeitr\u00e4ge ist:<\/p>\n<\/div>\n<div class=\"text\">\n<p>Adelheid Mirwald<br \/>\nElektrastrasse 8<br \/>\n81925 M\u00fcnchen<\/p>\n<p>Telefon: +49 (0) 89 \u2013 33029530<br \/>\nTelefax: +49 (0) 89 \u2013 33029535<br \/>\nE-Mail: info@kanzlei-mirwald.de<\/p>\n<\/div>\n<div class=\"text\">\n<h2>Umsatzsteuer-Identifikationsnummer (\u00a7 27 a UStG)<\/h2>\n<p>DE 127 663 111<\/p>\n<\/div>\n<div class=\"text\">\n<h2>Zust\u00e4ndige Aufsichtsbeh\u00f6rde<\/h2>\n<p>Rechtsanwaltskammer f\u00fcr den Oberlandesgerichtsbezirk M\u00fcnchen<br \/>\nK\u00f6rperschaft des \u00f6ffentlichen Rechts<\/p>\n<p>Tal 33, 80331 M\u00fcnchen<br \/>\nTelefon: (089) 53 29 44-0<br \/>\nTelefax: (089) 53 29 44-28<br \/>\nE-Mail:\u00a0<a class=\"mail\" title=\"E-Mail an info@rak-m.de\" href=\"mailto:info@rak-m.de\">info@rak-m.de<\/a><br \/>\nDe-Mail:\u00a0<a class=\"mail\" title=\"De-Mail an info@rak-m.de\" href=\"mailto:info@rak-m.de-mail.de\">info@rak-m.de-mail.de<\/a><\/p>\n<p>Bitte beachten Sie den Hinweis, dass die De-Mail-Adresse nur von einem De-Mail-Account verwendet werden kann.<\/p>\n<\/div>\n<div class=\"text\">\n<p>Berufsbezeichnung: Rechtsanw\u00e4lte<br \/>\n(verliehen in den Bundesrepublik Deutschland)<\/p>\n<p>Es gelten die folgenden berufsrechtlichen Regelungen:<\/p>\n<ul>\n<li>Bundesrechtsanwaltsordnung (BRAO)<\/li>\n<li>Berufsordnung f\u00fcr Rechtsanw\u00e4lte (BORA)<\/li>\n<li>Berufsregeln der Rechtsanw\u00e4lte der Europ\u00e4ischen Union<\/li>\n<li>Bundesgeb\u00fchrenordnung f\u00fcr Rechtsanw\u00e4lte (BRAGO)<\/li>\n<li>Gesetz \u00fcber die Verg\u00fctung der Rechtsanw\u00e4ltinnen und Rechtsanw\u00e4lte (RVG)<\/li>\n<li>Fachanwaltsordnungen (FAO)<\/li>\n<\/ul>\n<p>Regelungen einsehbar unter:\u00a0<a href=\"http:\/\/www.brak.de\/fuer-anwaelte\/berufsrecht\/\">http:\/\/www.brak.de\/fuer-anwaelte\/berufsrecht\/<\/a><\/p>\n<\/div>\n<div class=\"text\">\n<h2>Angaben zur Berufshaftpflichtversicherung<\/h2>\n<p>ERGO Versicherung AG<br \/>\nRegionaldirektion M\u00fcnchen<br \/>\nThomas-Dehler-Strasse 9<br \/>\n81737 M\u00fcnchen<\/p>\n<p>Geltungsraum der Versicherung:<br \/>\nDeutschland, Europ\u00e4isches Ausland<\/p>\n<\/div>\n<div class=\"text\">\n<h2>Information zur au\u00dfergerichtlichen Streitschlichtung<\/h2>\n<p>Bei Streitigkeiten zwischen Rechtsanw\u00e4lten und ihren Auftraggebern besteht auf Antrag die M\u00f6glichkeit der au\u00dfergerichtlichen Streitschlichtung bei der regional zust\u00e4ndigen Rechtsanwaltskammer, (gem\u00e4\u00df \u00a7 73 Abs. 2 Nr. 3 i.V.m. \u00a7 73 Abs. 5 BRAO) oder bei der<\/p>\n<p>Schlichtungsstelle der Rechtsanwaltschaft<br \/>\nRauchstra\u00dfe 26<br \/>\n10787 Berlin<\/p>\n<p><a href=\"http:\/\/s-d-r.org\/\">http:\/\/s-d-r.org<\/a>\u00a0(\u00a7 191f BRAO).<\/p>\n<\/div>\n<div class=\"text\">\n<p>Die Europ\u00e4ische Kommission stellt eine Plattform zur Online-Streitbeilegung (OS) bereit. Diese Plattform finden Sie unter folgendem Link:\u00a0<a href=\"http:\/\/ec.europa.eu\/consumers\/odr\/\" target=\"_blank\" rel=\"noopener noreferrer\">http:\/\/ec.europa.eu\/consumers\/odr\/<\/a>. Verbraucher k\u00f6nnen diese Plattform nutzen, um ihre Streitigkeiten aus Online-Vertr\u00e4gen beizulegen, soweit sich der jeweilige Anbieter an dem Streitschlichtungsverfahren der Online-Schlichtungsstelle beteiligt.<br \/>\nWir sind weder dazu bereit, an au\u00dfergerichtlichen Streitschlichtungsverfahren, noch an der vorbezeichneten Online-Streitbeilegung teilzunehmen. Es wird darauf hingewiesen, dass die Beteiligung an derartigen Schlichtungsverfahren keine zwingende Voraussetzung ist, um ordentlichen Gerichten anrufen zu k\u00f6nnen.<\/p>\n<\/div>\n<div class=\"text\">\n<h2>Hinweise zum Urheberrecht<\/h2>\n<p>Die Inhalte der Webseite unter der Domain\u00a0<a href=\"https:\/\/kanzlei-mirwald.de\/\">www.kanzlei-mirwald.de<\/a> sind urheberrechtlich gesch\u00fctzt, sofern nicht anders angegeben. Sofern die verwendeten Bilder, Fachbeitr\u00e4ge, sonstige Texte o.\u00c4. nicht selbst gefertigt wurden, wurden die Quellen entsprechend angegeben. Die verwendeten Inhalte d\u00fcrfen nicht ohne Zustimmung des Urhebers zu gewerblichen Zwecken vervielf\u00e4ltigt, verbreitet, ver\u00e4ndert oder \u00f6ffentlich zug\u00e4nglich gemacht werden.<\/p>\n<\/div>\n<\/div><div class=\"fusion-text fusion-text-2\"><p>&nbsp;<\/p>\n<\/div><div class=\"fusion-clearfix\"><\/div><\/div><\/div><\/div><\/div>\n","protected":false},"excerpt":{"rendered":"","protected":false},"author":1,"featured_media":0,"parent":0,"menu_order":0,"comment_status":"open","ping_status":"open","template":"100-width.php","meta":{"footnotes":""},"class_list":["post-10885","page","type-page","status-publish","hentry"],"_links":{"self":[{"href":"https:\/\/kanzlei-mirwald.de\/index.php\/wp-json\/wp\/v2\/pages\/10885","targetHints":{"allow":["GET"]}}],"collection":[{"href":"https:\/\/kanzlei-mirwald.de\/index.php\/wp-json\/wp\/v2\/pages"}],"about":[{"href":"https:\/\/kanzlei-mirwald.de\/index.php\/wp-json\/wp\/v2\/types\/page"}],"author":[{"embeddable":true,"href":"https:\/\/kanzlei-mirwald.de\/index.php\/wp-json\/wp\/v2\/users\/1"}],"replies":[{"embeddable":true,"href":"https:\/\/kanzlei-mirwald.de\/index.php\/wp-json\/wp\/v2\/comments?post=10885"}],"version-history":[{"count":10,"href":"https:\/\/kanzlei-mirwald.de\/index.php\/wp-json\/wp\/v2\/pages\/10885\/revisions"}],"predecessor-version":[{"id":13144,"href":"https:\/\/kanzlei-mirwald.de\/index.php\/wp-json\/wp\/v2\/pages\/10885\/revisions\/13144"}],"wp:attachment":[{"href":"https:\/\/kanzlei-mirwald.de\/index.php\/wp-json\/wp\/v2\/media?parent=10885"}],"curies":[{"name":"wp","href":"https:\/\/api.w.org\/{rel}","templated":true}]}}